{"id":535,"date":"2023-07-17T13:40:19","date_gmt":"2023-07-17T18:40:19","guid":{"rendered":"https:\/\/fraternidadmedellin.org\/?post_type=apoyo-entidades&#038;p=535"},"modified":"2024-08-06T16:30:07","modified_gmt":"2024-08-06T21:30:07","slug":"hogares-para-infancia-y-juventud","status":"publish","type":"apoyo-entidades","link":"https:\/\/fraternidadmedellin.org\/en\/apoyo-entidades\/hogares-para-infancia-y-juventud\/","title":{"rendered":"Hogares para Infancia y Juventud"},"content":{"rendered":"<ul class=\"wp-block-list\">\n<li>Acarp\u00edn Hogar de Ni\u00f1ez y Juventud&nbsp;<\/li>\n\n\n\n<li>Casa de Nuestra Se\u00f1ora de Chiquinquir\u00e1&nbsp;<\/li>\n\n\n\n<li>Casa Mam\u00e1 Margarita&nbsp;<\/li>\n\n\n\n<li>Comit\u00e9 Privado de Asistencia a la Ni\u00f1ez \u2013 PAN&nbsp;<\/li>\n\n\n\n<li>Corporaci\u00f3n Casa de Mar\u00eda y El Ni\u00f1o&nbsp;<\/li>\n\n\n\n<li>Corporaci\u00f3n Hogar&nbsp;<\/li>\n\n\n\n<li>Corporaci\u00f3n Superarse&nbsp;<\/li>\n\n\n\n<li>Fundaci\u00f3n Gente Unida&nbsp;<\/li>\n\n\n\n<li>Fundaci\u00f3n Valorat&nbsp;<\/li>\n\n\n\n<li>Granjas Infantiles de Jes\u00fas Obrero&nbsp;<\/li>\n\n\n\n<li>Hermanas Peque\u00f1os Ap\u00f3stoles de La Redenci\u00f3n Aldea Pablo VI&nbsp;<\/li>\n\n\n\n<li>Hogares de Acogida Bel\u00e9n&nbsp;<\/li>\n\n\n\n<li>Hogares Infantiles San Jos\u00e9&nbsp;<\/li>\n<\/ul>","protected":false},"featured_media":1032,"template":"","meta":[],"class_list":["post-535","apoyo-entidades","type-apoyo-entidades","status-publish","has-post-thumbnail","hentry"],"publishpress_future_workflow_manual_trigger":{"enabledWorkflows":[]},"_links":{"self":[{"href":"https:\/\/fraternidadmedellin.org\/en\/wp-json\/wp\/v2\/apoyo-entidades\/535","targetHints":{"allow":["GET"]}}],"collection":[{"href":"https:\/\/fraternidadmedellin.org\/en\/wp-json\/wp\/v2\/apoyo-entidades"}],"about":[{"href":"https:\/\/fraternidadmedellin.org\/en\/wp-json\/wp\/v2\/types\/apoyo-entidades"}],"wp:featuredmedia":[{"embeddable":true,"href":"https:\/\/fraternidadmedellin.org\/en\/wp-json\/wp\/v2\/media\/1032"}],"wp:attachment":[{"href":"https:\/\/fraternidadmedellin.org\/en\/wp-json\/wp\/v2\/media?parent=535"}],"curies":[{"name":"wp","href":"https:\/\/api.w.org\/{rel}","templated":true}]}}

<ul class="wp-block-list">
<li>Acarpín Hogar de Niñez y Juventud&nbsp;</li>



<li>Casa de Nuestra Señora de Chiquinquirá&nbsp;</li>



<li>Casa Mamá Margarita&nbsp;</li>



<li>Comité Privado de Asistencia a la Niñez – PAN&nbsp;</li>



<li>Corporación Casa de María y El Niño&nbsp;</li>



<li>Corporación Hogar&nbsp;</li>



<li>Corporación Superarse&nbsp;</li>



<li>Fundación Gente Unida&nbsp;</li>



<li>Fundación Valorat&nbsp;</li>



<li>Granjas Infantiles de Jesús Obrero&nbsp;</li>



<li>Hermanas Pequeños Apóstoles de La Redención Aldea Pablo VI&nbsp;</li>



<li>Hogares de Acogida Belén&nbsp;</li>



<li>Hogares Infantiles San José&nbsp;</li>
</ul>
