{"id":10779,"date":"2026-09-03T11:56:00","date_gmt":"2026-09-03T16:56:00","guid":{"rendered":"https:\/\/fraternidadmedellin.org\/?post_type=eventos&#038;p=10779"},"modified":"2026-09-03T12:00:51","modified_gmt":"2026-09-03T17:00:51","slug":"reconstruir-escuelas-para-recuperar-la-esperanza","status":"publish","type":"eventos","link":"https:\/\/fraternidadmedellin.org\/en\/eventos\/reconstruir-escuelas-para-recuperar-la-esperanza\/","title":{"rendered":"Rebuilding Schools to Restore Hope\u00a0"},"content":{"rendered":"<p class=\"wp-block-paragraph translation-block\">In response to the emergency caused by the earthquake on <strong>August 10<\/strong>, Fundaci\u00f3n Fraternidad Medell\u00edn allocated <strong>COP 20 billion<\/strong> to support the reconstruction and recovery of educational infrastructure affected in Colombia. This initiative places children and young people at the center, helping them return as soon as possible to safe, dignified, and suitable spaces where they can continue learning.<\/p>\n\n\n\n<p class=\"wp-block-paragraph\">A school is much more than its classrooms, walls, or roofs. It is a place for connection, learning, and protection\u2014a space where relationships are built, experiences are shared, and an essential part of students\u2019 lives unfolds. When a school is affected, the routines and sense of security of families and the entire community are disrupted as well.&nbsp;<\/p>\n\n\n\n<p class=\"wp-block-paragraph translation-block\">That is why <strong>restoring a school means much more than rebuilding its infrastructure<\/strong>. It means helping children reunite with their classmates and teachers, enabling families to regain a sense of confidence and security, and supporting communities as they gradually return to their daily lives.<\/p>\n\n\n\n<p class=\"wp-block-paragraph translation-block\">At Fundaci\u00f3n Fraternidad Medell\u00edn, we firmly believe that, especially in the most difficult times, <strong>education must continue to be a source of protection, hope, and opportunity<\/strong>.<\/p>\n\n\n\n<p class=\"wp-block-paragraph translation-block\"><strong>Would you like to join this initiative?<\/strong><br>Email us at <a href=\"mailto:info@fraternidadmedellin.org\" target=\"_self\">info@fraternidadmedellin.org<\/a><\/p>\n\n\n\n<p class=\"wp-block-paragraph\"><\/p>","protected":false},"excerpt":{"rendered":"<p>Ante la emergencia ocasionada por el sismo del pasado&nbsp;10 de agosto, la Fundaci\u00f3n Fraternidad Medell\u00edn destin\u00f3&nbsp;$20.000 millones de pesos&nbsp;para contribuir a la reconstrucci\u00f3n y recuperaci\u00f3n de la infraestructura educativa afectada&nbsp;en Colombia. Una apuesta que pone en el centro a los ni\u00f1os, ni\u00f1as y j\u00f3venes, y busca que puedan regresar lo antes posible a espacios seguros, [&hellip;]<\/p>\n","protected":false},"featured_media":10780,"template":"","tipo-de-contenido":[33],"categoria":[18],"class_list":["post-10779","eventos","type-eventos","status-publish","has-post-thumbnail","hentry","tipo-de-contenido-eventos-noticias","categoria-noticia"],"_links":{"self":[{"href":"https:\/\/fraternidadmedellin.org\/en\/wp-json\/wp\/v2\/eventos\/10779","targetHints":{"allow":["GET"]}}],"collection":[{"href":"https:\/\/fraternidadmedellin.org\/en\/wp-json\/wp\/v2\/eventos"}],"about":[{"href":"https:\/\/fraternidadmedellin.org\/en\/wp-json\/wp\/v2\/types\/eventos"}],"version-history":[{"count":2,"href":"https:\/\/fraternidadmedellin.org\/en\/wp-json\/wp\/v2\/eventos\/10779\/revisions"}],"predecessor-version":[{"id":10782,"href":"https:\/\/fraternidadmedellin.org\/en\/wp-json\/wp\/v2\/eventos\/10779\/revisions\/10782"}],"wp:featuredmedia":[{"embeddable":true,"href":"https:\/\/fraternidadmedellin.org\/en\/wp-json\/wp\/v2\/media\/10780"}],"wp:attachment":[{"href":"https:\/\/fraternidadmedellin.org\/en\/wp-json\/wp\/v2\/media?parent=10779"}],"wp:term":[{"taxonomy":"tipo-de-contenido","embeddable":true,"href":"https:\/\/fraternidadmedellin.org\/en\/wp-json\/wp\/v2\/tipo-de-contenido?post=10779"},{"taxonomy":"categoria","embeddable":true,"href":"https:\/\/fraternidadmedellin.org\/en\/wp-json\/wp\/v2\/categoria?post=10779"}],"curies":[{"name":"wp","href":"https:\/\/api.w.org\/{rel}","templated":true}]}}

<p class="wp-block-paragraph translation-block">In response to the emergency caused by the earthquake on <strong>August 10</strong>, Fundación Fraternidad Medellín allocated <strong>COP 20 billion</strong> to support the reconstruction and recovery of educational infrastructure affected in Colombia. This initiative places children and young people at the center, helping them return as soon as possible to safe, dignified, and suitable spaces where they can continue learning.</p>



<p class="wp-block-paragraph">A school is much more than its classrooms, walls, or roofs. It is a place for connection, learning, and protection—a space where relationships are built, experiences are shared, and an essential part of students’ lives unfolds. When a school is affected, the routines and sense of security of families and the entire community are disrupted as well.&nbsp;</p>



<p class="wp-block-paragraph translation-block">That is why <strong>restoring a school means much more than rebuilding its infrastructure</strong>. It means helping children reunite with their classmates and teachers, enabling families to regain a sense of confidence and security, and supporting communities as they gradually return to their daily lives.</p>



<p class="wp-block-paragraph translation-block">At Fundación Fraternidad Medellín, we firmly believe that, especially in the most difficult times, <strong>education must continue to be a source of protection, hope, and opportunity</strong>.</p>



<p class="wp-block-paragraph translation-block"><strong>Would you like to join this initiative?</strong><br>Email us at <a href="mailto:info@fraternidadmedellin.org" target="_self">info@fraternidadmedellin.org</a></p>



<p class="wp-block-paragraph"></p>

<p>Ante la emergencia ocasionada por el sismo del pasado&nbsp;10 de agosto, la Fundación Fraternidad Medellín destinó&nbsp;$20.000 millones de pesos&nbsp;para contribuir a la reconstrucción y recuperación de la infraestructura educativa afectada&nbsp;en Colombia. Una apuesta que pone en el centro a los niños, niñas y jóvenes, y busca que puedan regresar lo antes posible a espacios seguros, [&hellip;]</p>
