{"id":1981,"date":"2023-07-27T14:37:00","date_gmt":"2023-07-27T19:37:00","guid":{"rendered":"https:\/\/fraternidadmedellin.org\/?post_type=eventos&#038;p=1981"},"modified":"2024-02-01T15:19:39","modified_gmt":"2024-02-01T20:19:39","slug":"reapertura-casa-gardeliana","status":"publish","type":"eventos","link":"https:\/\/fraternidadmedellin.org\/en\/eventos\/reapertura-casa-gardeliana\/","title":{"rendered":"Reapertura Casa Gardeliana"},"content":{"rendered":"<p>La Casa Gardeliana fue fundada en 1972 por el argentino Leonardo Nieto para preservar el legado de Carlos Gardel. Preocupados por su conservaci\u00f3n el Grupo Argos, la Fundaci\u00f3n Sof\u00eda P\u00e9rez de Soto, la Casa Museo Pedronel G\u00f3mez, la Fundaci\u00f3n Sura y la Fundaci\u00f3n Fraternidad Medell\u00edn le entregamos a la ciudad en agosto de 2023 un espacio renovado que conserva los mejores recuerdos del tango y la milonga. Un espacio lleno de m\u00fasica y #Fraternidad.&nbsp;<\/p>","protected":false},"excerpt":{"rendered":"<p>La Casa Gardeliana fue fundada en 1972 por el argentino Leonardo Nieto para preservar el legado de Carlos Gardel&#8230;<\/p>","protected":false},"featured_media":4169,"template":"","categoria":[18],"class_list":["post-1981","eventos","type-eventos","status-publish","has-post-thumbnail","hentry","categoria-noticia"],"publishpress_future_action":{"enabled":false,"date":"2026-05-07 12:46:09","action":"change-status","newStatus":"draft","terms":[],"taxonomy":"categoria","extraData":[]},"publishpress_future_workflow_manual_trigger":{"enabledWorkflows":[]},"_links":{"self":[{"href":"https:\/\/fraternidadmedellin.org\/en\/wp-json\/wp\/v2\/eventos\/1981","targetHints":{"allow":["GET"]}}],"collection":[{"href":"https:\/\/fraternidadmedellin.org\/en\/wp-json\/wp\/v2\/eventos"}],"about":[{"href":"https:\/\/fraternidadmedellin.org\/en\/wp-json\/wp\/v2\/types\/eventos"}],"version-history":[{"count":4,"href":"https:\/\/fraternidadmedellin.org\/en\/wp-json\/wp\/v2\/eventos\/1981\/revisions"}],"predecessor-version":[{"id":4032,"href":"https:\/\/fraternidadmedellin.org\/en\/wp-json\/wp\/v2\/eventos\/1981\/revisions\/4032"}],"wp:featuredmedia":[{"embeddable":true,"href":"https:\/\/fraternidadmedellin.org\/en\/wp-json\/wp\/v2\/media\/4169"}],"wp:attachment":[{"href":"https:\/\/fraternidadmedellin.org\/en\/wp-json\/wp\/v2\/media?parent=1981"}],"wp:term":[{"taxonomy":"categoria","embeddable":true,"href":"https:\/\/fraternidadmedellin.org\/en\/wp-json\/wp\/v2\/categoria?post=1981"}],"curies":[{"name":"wp","href":"https:\/\/api.w.org\/{rel}","templated":true}]}}

<p>La Casa Gardeliana fue fundada en 1972 por el argentino Leonardo Nieto para preservar el legado de Carlos Gardel. Preocupados por su conservación el Grupo Argos, la Fundación Sofía Pérez de Soto, la Casa Museo Pedronel Gómez, la Fundación Sura y la Fundación Fraternidad Medellín le entregamos a la ciudad en agosto de 2023 un espacio renovado que conserva los mejores recuerdos del tango y la milonga. Un espacio lleno de música y #Fraternidad.&nbsp;</p>
