{"id":5917,"date":"2024-02-01T14:50:31","date_gmt":"2024-02-01T19:50:31","guid":{"rendered":"https:\/\/fraternidadmedellin.org\/?post_type=eventos&#038;p=5917"},"modified":"2024-04-10T10:22:13","modified_gmt":"2024-04-10T15:22:13","slug":"entrega-de-la-beca-monsenor-armando-santamaria","status":"publish","type":"eventos","link":"https:\/\/fraternidadmedellin.org\/en\/eventos\/entrega-de-la-beca-monsenor-armando-santamaria\/","title":{"rendered":"Entrega de la Beca Monse\u00f1or Armando Santamar\u00eda\u00a0"},"content":{"rendered":"<p>Laura Abigail y Juan Miguel son los primeros beneficiarios de las Becas Monse\u00f1or Armando Santamar\u00eda, que se entregan a partir de este a\u00f1o como un homenaje a la vida y obra de Monse\u00f1or.&nbsp;<\/p>\n\n\n\n<p>Laura hace parte del Hogar de Acogida Bel\u00e9n y all\u00ed es reconocida como una joven con grandes valores y deseo de superaci\u00f3n tanto personal como profesional; disciplinada, responsable, buena estudiante con una habilidad extraordinaria en el dibujo, le gusta colaborar, respetuosa, buena compa\u00f1era, sencilla y noble. Ingresar\u00e1 a estudiar Sicolog\u00eda en la Fundaci\u00f3n Universitaria Mar\u00eda Cano.&nbsp;<\/p>\n\n\n\n<p>Por su parte Juan Miguel ingres\u00f3 hace 5 a\u00f1os a Granjas Infantiles de Jes\u00fas Obrero y pronto har\u00e1 parte de Hogares Infantiles San Jos\u00e9. Es un joven disciplinado, honesto, organizado con sus horarios y responsabilidades y con muchas ganas de salir adelante. Muy pronto ingresa al Tecnol\u00f3gico de Antioquia para iniciar la carrera de Criminal\u00edstica.&nbsp;&nbsp;<\/p>\n\n\n\n<p>Ambos enaltecen la obra, el legado y la bondad con el mundo de Monse\u00f1or Armando Santamar\u00eda Ortiz.&nbsp;<\/p>","protected":false},"excerpt":{"rendered":"<p>Laura Abigail y Juan Miguel son los primeros beneficiarios de las Becas Monse\u00f1or Armando Santamar\u00eda, que se entregan a partir de este a\u00f1o como un homenaje a la vida y obra de Monse\u00f1or.&nbsp; Laura hace parte del Hogar de Acogida Bel\u00e9n y all\u00ed es reconocida como una joven con grandes valores y deseo de superaci\u00f3n [&hellip;]<\/p>\n","protected":false},"featured_media":5918,"template":"","categoria":[18],"class_list":["post-5917","eventos","type-eventos","status-publish","has-post-thumbnail","hentry","categoria-noticia"],"publishpress_future_action":{"enabled":false,"date":"2026-05-06 04:13:44","action":"change-status","newStatus":"draft","terms":[],"taxonomy":"categoria","extraData":[]},"publishpress_future_workflow_manual_trigger":{"enabledWorkflows":[]},"_links":{"self":[{"href":"https:\/\/fraternidadmedellin.org\/en\/wp-json\/wp\/v2\/eventos\/5917","targetHints":{"allow":["GET"]}}],"collection":[{"href":"https:\/\/fraternidadmedellin.org\/en\/wp-json\/wp\/v2\/eventos"}],"about":[{"href":"https:\/\/fraternidadmedellin.org\/en\/wp-json\/wp\/v2\/types\/eventos"}],"version-history":[{"count":1,"href":"https:\/\/fraternidadmedellin.org\/en\/wp-json\/wp\/v2\/eventos\/5917\/revisions"}],"predecessor-version":[{"id":5919,"href":"https:\/\/fraternidadmedellin.org\/en\/wp-json\/wp\/v2\/eventos\/5917\/revisions\/5919"}],"wp:featuredmedia":[{"embeddable":true,"href":"https:\/\/fraternidadmedellin.org\/en\/wp-json\/wp\/v2\/media\/5918"}],"wp:attachment":[{"href":"https:\/\/fraternidadmedellin.org\/en\/wp-json\/wp\/v2\/media?parent=5917"}],"wp:term":[{"taxonomy":"categoria","embeddable":true,"href":"https:\/\/fraternidadmedellin.org\/en\/wp-json\/wp\/v2\/categoria?post=5917"}],"curies":[{"name":"wp","href":"https:\/\/api.w.org\/{rel}","templated":true}]}}

Entrega de la Beca Monseñor Armando Santamaría

<p>Laura Abigail y Juan Miguel son los primeros beneficiarios de las Becas Monseñor Armando Santamaría, que se entregan a partir de este año como un homenaje a la vida y obra de Monseñor.&nbsp;</p>



<p>Laura hace parte del Hogar de Acogida Belén y allí es reconocida como una joven con grandes valores y deseo de superación tanto personal como profesional; disciplinada, responsable, buena estudiante con una habilidad extraordinaria en el dibujo, le gusta colaborar, respetuosa, buena compañera, sencilla y noble. Ingresará a estudiar Sicología en la Fundación Universitaria María Cano.&nbsp;</p>



<p>Por su parte Juan Miguel ingresó hace 5 años a Granjas Infantiles de Jesús Obrero y pronto hará parte de Hogares Infantiles San José. Es un joven disciplinado, honesto, organizado con sus horarios y responsabilidades y con muchas ganas de salir adelante. Muy pronto ingresa al Tecnológico de Antioquia para iniciar la carrera de Criminalística.&nbsp;&nbsp;</p>



<p>Ambos enaltecen la obra, el legado y la bondad con el mundo de Monseñor Armando Santamaría Ortiz.&nbsp;</p>

<p>Laura Abigail y Juan Miguel son los primeros beneficiarios de las Becas Monseñor Armando Santamaría, que se entregan a partir de este año como un homenaje a la vida y obra de Monseñor.&nbsp; Laura hace parte del Hogar de Acogida Belén y allí es reconocida como una joven con grandes valores y deseo de superación [&hellip;]</p>
