{"id":6357,"date":"2024-07-18T14:20:09","date_gmt":"2024-07-18T19:20:09","guid":{"rendered":"https:\/\/fraternidadmedellin.org\/?post_type=eventos&#038;p=6357"},"modified":"2024-07-23T14:24:58","modified_gmt":"2024-07-23T19:24:58","slug":"fan-60-anos-cuidando-a-la-primera-infancia","status":"publish","type":"eventos","link":"https:\/\/fraternidadmedellin.org\/en\/eventos\/fan-60-anos-cuidando-a-la-primera-infancia\/","title":{"rendered":"FAN, 60 a\u00f1os cuidando a la primera infancia"},"content":{"rendered":"<p>Hace 60 a\u00f1os, los ni\u00f1os, ni\u00f1as y adolescentes de nuestro territorio tienen un \u00e1ngel que cuida de ellos, de su salud, su bienestar y su felicidad. Se trata de la Fundaci\u00f3n de Atenci\u00f3n a la Ni\u00f1ez (FAN), una entidad sin \u00e1nimo de lucro que brinda atenci\u00f3n a ni\u00f1os, ni\u00f1as, adolescentes y a sus familias que viven en situaciones econ\u00f3micas y sociales vulnerables y de extrema pobreza. Lo hacen a trav\u00e9s de programas pedag\u00f3gicos, de apoyo nutricional y de atenci\u00f3n psicosocial, formaci\u00f3n de adolescentes para idear proyectos de vida y orientaci\u00f3n a las familias para garantizar cuidadores con pautas de crianza adecuadas.<\/p>\n\n\n\n<p>Adem\u00e1s, velan por la recuperaci\u00f3n f\u00edsica, nutricional y emocional de ni\u00f1os, ni\u00f1as y adolescentes afectados por problemas nutricionales como obesidad, sobrepeso, desnutrici\u00f3n cr\u00f3nica o desnutrici\u00f3n aguda, para que crezcan sanos.<\/p>\n\n\n\n<p>En FAN, generan permanentemente innovaciones sociales y l\u00edneas program\u00e1ticas y de servicios que contribuyen a impactar, no solo los procesos de atenci\u00f3n integral, sino tambi\u00e9n a intervenir los entornos escolares, comunitarios, sociales y familiares. Es as\u00ed como se juega para sanar, se cuida para sanar, se arman h\u00e9roes, vidas y sue\u00f1os.<\/p>\n\n\n\n<p>En Fraternidad Medell\u00edn, sentimos mucha gratitud por su trabajo y estamos muy orgullosos de apoyar su labor desde hace ya 42 a\u00f1os. Les deseamos muchos a\u00f1os m\u00e1s haciendo felices a los ni\u00f1os, ni\u00f1as y adolescentes de nuestro departamento.<\/p>\n\n\n\n<p>Somos #FANdeFAN<\/p>\n\n\n\n<p><\/p>","protected":false},"excerpt":{"rendered":"<p>Hace 60 a\u00f1os, los ni\u00f1os, ni\u00f1as y adolescentes de nuestro territorio tienen un \u00e1ngel que cuida de ellos, de su salud, su bienestar y su felicidad. Se trata de la Fundaci\u00f3n de Atenci\u00f3n a la Ni\u00f1ez (FAN), una entidad sin \u00e1nimo de lucro que brinda atenci\u00f3n a ni\u00f1os, ni\u00f1as, adolescentes y a sus familias que [&hellip;]<\/p>\n","protected":false},"featured_media":6364,"template":"","categoria":[18],"class_list":["post-6357","eventos","type-eventos","status-publish","has-post-thumbnail","hentry","categoria-noticia"],"publishpress_future_action":{"enabled":false,"date":"2026-05-09 07:36:38","action":"change-status","newStatus":"draft","terms":[],"taxonomy":"categoria","extraData":[]},"publishpress_future_workflow_manual_trigger":{"enabledWorkflows":[]},"_links":{"self":[{"href":"https:\/\/fraternidadmedellin.org\/en\/wp-json\/wp\/v2\/eventos\/6357","targetHints":{"allow":["GET"]}}],"collection":[{"href":"https:\/\/fraternidadmedellin.org\/en\/wp-json\/wp\/v2\/eventos"}],"about":[{"href":"https:\/\/fraternidadmedellin.org\/en\/wp-json\/wp\/v2\/types\/eventos"}],"version-history":[{"count":2,"href":"https:\/\/fraternidadmedellin.org\/en\/wp-json\/wp\/v2\/eventos\/6357\/revisions"}],"predecessor-version":[{"id":6369,"href":"https:\/\/fraternidadmedellin.org\/en\/wp-json\/wp\/v2\/eventos\/6357\/revisions\/6369"}],"wp:featuredmedia":[{"embeddable":true,"href":"https:\/\/fraternidadmedellin.org\/en\/wp-json\/wp\/v2\/media\/6364"}],"wp:attachment":[{"href":"https:\/\/fraternidadmedellin.org\/en\/wp-json\/wp\/v2\/media?parent=6357"}],"wp:term":[{"taxonomy":"categoria","embeddable":true,"href":"https:\/\/fraternidadmedellin.org\/en\/wp-json\/wp\/v2\/categoria?post=6357"}],"curies":[{"name":"wp","href":"https:\/\/api.w.org\/{rel}","templated":true}]}}

FAN, 60 años cuidando a la primera infancia

<p>Hace 60 años, los niños, niñas y adolescentes de nuestro territorio tienen un ángel que cuida de ellos, de su salud, su bienestar y su felicidad. Se trata de la Fundación de Atención a la Niñez (FAN), una entidad sin ánimo de lucro que brinda atención a niños, niñas, adolescentes y a sus familias que viven en situaciones económicas y sociales vulnerables y de extrema pobreza. Lo hacen a través de programas pedagógicos, de apoyo nutricional y de atención psicosocial, formación de adolescentes para idear proyectos de vida y orientación a las familias para garantizar cuidadores con pautas de crianza adecuadas.</p>



<p>Además, velan por la recuperación física, nutricional y emocional de niños, niñas y adolescentes afectados por problemas nutricionales como obesidad, sobrepeso, desnutrición crónica o desnutrición aguda, para que crezcan sanos.</p>



<p>En FAN, generan permanentemente innovaciones sociales y líneas programáticas y de servicios que contribuyen a impactar, no solo los procesos de atención integral, sino también a intervenir los entornos escolares, comunitarios, sociales y familiares. Es así como se juega para sanar, se cuida para sanar, se arman héroes, vidas y sueños.</p>



<p>En Fraternidad Medellín, sentimos mucha gratitud por su trabajo y estamos muy orgullosos de apoyar su labor desde hace ya 42 años. Les deseamos muchos años más haciendo felices a los niños, niñas y adolescentes de nuestro departamento.</p>



<p>Somos #FANdeFAN</p>



<p></p>

<p>Hace 60 años, los niños, niñas y adolescentes de nuestro territorio tienen un ángel que cuida de ellos, de su salud, su bienestar y su felicidad. Se trata de la Fundación de Atención a la Niñez (FAN), una entidad sin ánimo de lucro que brinda atención a niños, niñas, adolescentes y a sus familias que [&hellip;]</p>
