{"id":6861,"date":"2024-11-20T09:05:45","date_gmt":"2024-11-20T14:05:45","guid":{"rendered":"https:\/\/fraternidadmedellin.org\/?post_type=eventos&#038;p=6861"},"modified":"2024-11-20T10:20:00","modified_gmt":"2024-11-20T15:20:00","slug":"premio-salmona-al-parque-educativo-saberes-ancestrales","status":"publish","type":"eventos","link":"https:\/\/fraternidadmedellin.org\/en\/eventos\/premio-salmona-al-parque-educativo-saberes-ancestrales\/","title":{"rendered":"Premio Salmona al Parque Educativo Saberes Ancestrales"},"content":{"rendered":"<p>El Parque Educativo Saberes Ancestrales, ubicado en Vig\u00eda del Fuerte, Antioquia, se ha convertido en un ejemplo destacado de arquitectura sostenible y respetuosa con el entorno, gracias a su dise\u00f1o innovador y a su compromiso con la preservaci\u00f3n de la cultura ancestral.&nbsp;&nbsp;<\/p>\n\n\n\n<p>Recientemente, este impresionante proyecto arquitect\u00f3nico realizado por Fraternidad Medell\u00edn y la Gobernaci\u00f3n de Antioquia en 2014, recibi\u00f3 el prestigioso Premio Salmona, un reconocimiento de alto nivel cultural que se otorga anualmente y que busca identificar y divulgar las mejores pr\u00e1cticas de arquitectura en ciudades latinoamericanas y del Caribe que generan espacios p\u00fablicos significativos y de convivencia para sus habitantes, y que a su vez contribuyen a la consolidaci\u00f3n de ciudades incluyentes, con sentido de lugar.&nbsp;&nbsp;<\/p>\n\n\n\n<p>El Parque Educativo Saberes Ancestrales, dise\u00f1ado por los arquitectos Farhid Maya, Lucas Serna, Mauricio Valencia y Diana Herrera, fue un reto desde muchos puntos de vista. Inicialmente la comunidad estuvo incr\u00e9dula por una nueva promesa que llegaba a hacer una nueva administraci\u00f3n, con unos nuevos arquitectos, con nuevos planes. Luego siguieron los desaf\u00edos de dise\u00f1o, el clima de la zona, el agua que hace presencia durante los doce meses del a\u00f1o.&nbsp; Jornadas de trabajo extenuantes durante un a\u00f1o y medio dieron como resultado un espacio maravilloso que busca preservar y difundir los saberes y tradiciones de las comunidades ind\u00edgenas y afrodescendientes de la regi\u00f3n. Su dise\u00f1o se inspir\u00f3 en la arquitectura tradicional de estas comunidades, utilizando materiales sostenibles y respetuosos con el entorno.&nbsp;<\/p>\n\n\n\n<p>El Premio Salmona es un reconocimiento a la excelencia y la innovaci\u00f3n en la arquitectura colombiana, y el Parque Educativo Saberes Ancestrales es un ejemplo destacado de c\u00f3mo la arquitectura puede ser un instrumento para preservar la cultura y el entorno. Adem\u00e1s es un gran homenaje, no solo al equipo de arquitectos y dise\u00f1adores que trabajaron en el proyecto, sino tambi\u00e9n a las comunidades ind\u00edgenas y afrodescendientes que han compartido sus saberes y tradiciones para hacer posible este proyecto.&nbsp;<\/p>\n\n\n\n<p>El Parque Educativo Saberes Ancestrales es un espacio que invita a la reflexi\u00f3n, el aprendizaje y la conexi\u00f3n con la naturaleza y la cultura. Su condecoraci\u00f3n con el Premio Salmona es un testimonio de la importancia de preservar nuestra herencia cultural y ambiental para las generaciones futuras. Un premio al trabajo en equipo. Una hermosa forma de hacer Fraternidad.&nbsp;&nbsp;<\/p>\n\n\n\n<p><\/p>","protected":false},"excerpt":{"rendered":"<p>El Parque Educativo Saberes Ancestrales, ubicado en Vig\u00eda del Fuerte, Antioquia, se ha convertido en un ejemplo destacado de arquitectura sostenible y respetuosa con el entorno, gracias a su dise\u00f1o innovador y a su compromiso con la preservaci\u00f3n de la cultura ancestral.&nbsp;&nbsp; Recientemente, este impresionante proyecto arquitect\u00f3nico realizado por Fraternidad Medell\u00edn y la Gobernaci\u00f3n de [&hellip;]<\/p>\n","protected":false},"featured_media":6871,"template":"","categoria":[18],"class_list":["post-6861","eventos","type-eventos","status-publish","has-post-thumbnail","hentry","categoria-noticia"],"publishpress_future_action":{"enabled":false,"date":"2026-05-07 12:26:07","action":"change-status","newStatus":"draft","terms":[],"taxonomy":"categoria","extraData":[]},"publishpress_future_workflow_manual_trigger":{"enabledWorkflows":[]},"_links":{"self":[{"href":"https:\/\/fraternidadmedellin.org\/en\/wp-json\/wp\/v2\/eventos\/6861","targetHints":{"allow":["GET"]}}],"collection":[{"href":"https:\/\/fraternidadmedellin.org\/en\/wp-json\/wp\/v2\/eventos"}],"about":[{"href":"https:\/\/fraternidadmedellin.org\/en\/wp-json\/wp\/v2\/types\/eventos"}],"version-history":[{"count":1,"href":"https:\/\/fraternidadmedellin.org\/en\/wp-json\/wp\/v2\/eventos\/6861\/revisions"}],"predecessor-version":[{"id":6862,"href":"https:\/\/fraternidadmedellin.org\/en\/wp-json\/wp\/v2\/eventos\/6861\/revisions\/6862"}],"wp:featuredmedia":[{"embeddable":true,"href":"https:\/\/fraternidadmedellin.org\/en\/wp-json\/wp\/v2\/media\/6871"}],"wp:attachment":[{"href":"https:\/\/fraternidadmedellin.org\/en\/wp-json\/wp\/v2\/media?parent=6861"}],"wp:term":[{"taxonomy":"categoria","embeddable":true,"href":"https:\/\/fraternidadmedellin.org\/en\/wp-json\/wp\/v2\/categoria?post=6861"}],"curies":[{"name":"wp","href":"https:\/\/api.w.org\/{rel}","templated":true}]}}

<p>El Parque Educativo Saberes Ancestrales, ubicado en Vigía del Fuerte, Antioquia, se ha convertido en un ejemplo destacado de arquitectura sostenible y respetuosa con el entorno, gracias a su diseño innovador y a su compromiso con la preservación de la cultura ancestral.&nbsp;&nbsp;</p>



<p>Recientemente, este impresionante proyecto arquitectónico realizado por Fraternidad Medellín y la Gobernación de Antioquia en 2014, recibió el prestigioso Premio Salmona, un reconocimiento de alto nivel cultural que se otorga anualmente y que busca identificar y divulgar las mejores prácticas de arquitectura en ciudades latinoamericanas y del Caribe que generan espacios públicos significativos y de convivencia para sus habitantes, y que a su vez contribuyen a la consolidación de ciudades incluyentes, con sentido de lugar.&nbsp;&nbsp;</p>



<p>El Parque Educativo Saberes Ancestrales, diseñado por los arquitectos Farhid Maya, Lucas Serna, Mauricio Valencia y Diana Herrera, fue un reto desde muchos puntos de vista. Inicialmente la comunidad estuvo incrédula por una nueva promesa que llegaba a hacer una nueva administración, con unos nuevos arquitectos, con nuevos planes. Luego siguieron los desafíos de diseño, el clima de la zona, el agua que hace presencia durante los doce meses del año.&nbsp; Jornadas de trabajo extenuantes durante un año y medio dieron como resultado un espacio maravilloso que busca preservar y difundir los saberes y tradiciones de las comunidades indígenas y afrodescendientes de la región. Su diseño se inspiró en la arquitectura tradicional de estas comunidades, utilizando materiales sostenibles y respetuosos con el entorno.&nbsp;</p>



<p>El Premio Salmona es un reconocimiento a la excelencia y la innovación en la arquitectura colombiana, y el Parque Educativo Saberes Ancestrales es un ejemplo destacado de cómo la arquitectura puede ser un instrumento para preservar la cultura y el entorno. Además es un gran homenaje, no solo al equipo de arquitectos y diseñadores que trabajaron en el proyecto, sino también a las comunidades indígenas y afrodescendientes que han compartido sus saberes y tradiciones para hacer posible este proyecto.&nbsp;</p>



<p>El Parque Educativo Saberes Ancestrales es un espacio que invita a la reflexión, el aprendizaje y la conexión con la naturaleza y la cultura. Su condecoración con el Premio Salmona es un testimonio de la importancia de preservar nuestra herencia cultural y ambiental para las generaciones futuras. Un premio al trabajo en equipo. Una hermosa forma de hacer Fraternidad.&nbsp;&nbsp;</p>



<p></p>

<p>El Parque Educativo Saberes Ancestrales, ubicado en Vigía del Fuerte, Antioquia, se ha convertido en un ejemplo destacado de arquitectura sostenible y respetuosa con el entorno, gracias a su diseño innovador y a su compromiso con la preservación de la cultura ancestral.&nbsp;&nbsp; Recientemente, este impresionante proyecto arquitectónico realizado por Fraternidad Medellín y la Gobernación de [&hellip;]</p>
