{"id":7053,"date":"2024-12-12T08:00:52","date_gmt":"2024-12-12T13:00:52","guid":{"rendered":"https:\/\/fraternidadmedellin.org\/?post_type=eventos&#038;p=7053"},"modified":"2024-12-12T13:53:37","modified_gmt":"2024-12-12T18:53:37","slug":"felicitaciones-a-los-seleccionados-para-la-beca-comfama-ffm-2025","status":"publish","type":"eventos","link":"https:\/\/fraternidadmedellin.org\/en\/eventos\/felicitaciones-a-los-seleccionados-para-la-beca-comfama-ffm-2025\/","title":{"rendered":"\u00a1Felicitaciones a los seleccionados para la Beca Fraternidad Medell\u00edn en alianza con Comfama!"},"content":{"rendered":"<p>Nos complace anunciar a los beneficiarios del Fondo de Becas de Fraternidad Medell\u00edn en alianza con Comfama. A partir del primer semestre de 2025, estos estudiantes tendr\u00e1n la oportunidad de continuar su formaci\u00f3n superior gracias a esta iniciativa que impulsa la educaci\u00f3n como motor de transformaci\u00f3n regional.<\/p>\n\n\n\n<p><strong>Consulta el listado completo de seleccionados <a href=\"https:\/\/fraternidadmedellin.org\/wp-content\/uploads\/2024\/12\/1224-publicacion-selecionados-becas-ffm-comfama-vf-2.pdf\" target=\"_blank\" rel=\"noreferrer noopener\">aqu\u00ed<\/a>. <\/strong><\/p>","protected":false},"excerpt":{"rendered":"<p>Nos complace anunciar a los beneficiarios del Fondo de Becas de Fraternidad Medell\u00edn en alianza con Comfama. A partir del primer semestre de 2025, estos estudiantes tendr\u00e1n la oportunidad de continuar su formaci\u00f3n superior gracias a esta iniciativa que impulsa la educaci\u00f3n como motor de transformaci\u00f3n regional. Consulta el listado completo de seleccionados aqu\u00ed.<\/p>","protected":false},"featured_media":7054,"template":"","categoria":[18],"class_list":["post-7053","eventos","type-eventos","status-publish","has-post-thumbnail","hentry","categoria-noticia"],"publishpress_future_action":{"enabled":false,"date":"2026-05-07 16:45:22","action":"change-status","newStatus":"draft","terms":[],"taxonomy":"categoria","extraData":[]},"publishpress_future_workflow_manual_trigger":{"enabledWorkflows":[]},"_links":{"self":[{"href":"https:\/\/fraternidadmedellin.org\/en\/wp-json\/wp\/v2\/eventos\/7053","targetHints":{"allow":["GET"]}}],"collection":[{"href":"https:\/\/fraternidadmedellin.org\/en\/wp-json\/wp\/v2\/eventos"}],"about":[{"href":"https:\/\/fraternidadmedellin.org\/en\/wp-json\/wp\/v2\/types\/eventos"}],"version-history":[{"count":7,"href":"https:\/\/fraternidadmedellin.org\/en\/wp-json\/wp\/v2\/eventos\/7053\/revisions"}],"predecessor-version":[{"id":7152,"href":"https:\/\/fraternidadmedellin.org\/en\/wp-json\/wp\/v2\/eventos\/7053\/revisions\/7152"}],"wp:featuredmedia":[{"embeddable":true,"href":"https:\/\/fraternidadmedellin.org\/en\/wp-json\/wp\/v2\/media\/7054"}],"wp:attachment":[{"href":"https:\/\/fraternidadmedellin.org\/en\/wp-json\/wp\/v2\/media?parent=7053"}],"wp:term":[{"taxonomy":"categoria","embeddable":true,"href":"https:\/\/fraternidadmedellin.org\/en\/wp-json\/wp\/v2\/categoria?post=7053"}],"curies":[{"name":"wp","href":"https:\/\/api.w.org\/{rel}","templated":true}]}}

¡Felicitaciones a los seleccionados para la Beca Fraternidad Medellín en alianza con Comfama!

<p>Nos complace anunciar a los beneficiarios del Fondo de Becas de Fraternidad Medellín en alianza con Comfama. A partir del primer semestre de 2025, estos estudiantes tendrán la oportunidad de continuar su formación superior gracias a esta iniciativa que impulsa la educación como motor de transformación regional.</p>



<p><strong>Consulta el listado completo de seleccionados <a href="https://fraternidadmedellin.org/wp-content/uploads/2024/12/1224-publicacion-selecionados-becas-ffm-comfama-vf-2.pdf" target="_blank" rel="noreferrer noopener">aquí</a>. </strong></p>

<p>Nos complace anunciar a los beneficiarios del Fondo de Becas de Fraternidad Medellín en alianza con Comfama. A partir del primer semestre de 2025, estos estudiantes tendrán la oportunidad de continuar su formación superior gracias a esta iniciativa que impulsa la educación como motor de transformación regional. Consulta el listado completo de seleccionados aquí.</p>
