{"id":7634,"date":"2025-01-20T09:16:35","date_gmt":"2025-01-20T14:16:35","guid":{"rendered":"https:\/\/fraternidadmedellin.org\/?post_type=eventos&#038;p=7634"},"modified":"2025-02-03T12:25:33","modified_gmt":"2025-02-03T17:25:33","slug":"wilson-rico-un-maestro-de-la-vida","status":"publish","type":"eventos","link":"https:\/\/fraternidadmedellin.org\/en\/eventos\/wilson-rico-un-maestro-de-la-vida\/","title":{"rendered":"Wilson Rico: Un maestro de la vida"},"content":{"rendered":"<p>Hay personas que vinieron al mundo a dejar huella. Wilson Rico es una de ellas.&nbsp;&nbsp;<\/p>\n\n\n\n<p>Ingres\u00f3 a la Fundaci\u00f3n Fraternidad Medell\u00edn como Coordinador de Educaci\u00f3n hace ya 11 a\u00f1os, y desde el d\u00eda uno toc\u00f3 el coraz\u00f3n de sus compa\u00f1eros, de colegas, maestros, estudiantes y de la comunidad en general.&nbsp;&nbsp;<\/p>\n\n\n\n<p>Durante todo este tiempo acompa\u00f1\u00f3 con infinito amor y generosidad proyectos invaluables. Se preocup\u00f3 porque cada espacio construido o reformado contara con todos los elementos que estudiantes y docentes se merecen. Recorri\u00f3 pueblos y veredas llevando la bandera de la Fraternidad con orgullo. Y escuch\u00f3 como el mejor de los maestros a ni\u00f1os, j\u00f3venes y adultos para devolverles siempre palabras llenas de esperanza, de respeto y de optimismo.&nbsp;<\/p>\n\n\n\n<p>\u201cWilson lleg\u00f3 a la Fraternidad con toda su experiencia a trazarnos el camino que dar\u00edamos por los pr\u00f3ximos a\u00f1os, pensado en c\u00f3mo mejorar la calidad de la educaci\u00f3n que reciben los ni\u00f1os de los colegios que acompa\u00f1amos. Fueron varios meses de investigaciones y b\u00fasquedas; no solo de modelos educativos y m\u00e9todos, sino de aliados experimentados. Cada uno lo revis\u00f3 y lo escogi\u00f3 con todo el conocimiento que tiene en temas de educaci\u00f3n; y no nos equivocamos. Nos ayud\u00f3 a entender el camino y la ruta que deb\u00edamos seguir.&nbsp; Hoy casi 11 a\u00f1os despu\u00e9s vemos que sus elecciones han sido las correctas, tanto en alcances como en aliados.&nbsp; Ha hecho un trabajo juicioso, riguroso y amoroso de seguimiento y acompa\u00f1amiento a todas las decisiones que hemos tomado. Y no solo eso, ha sido un consejero y aliado de rectores y maestros con los que hemos trabajado por todos estos a\u00f1os. Todos lo respetan y admiran y ven a \u00e9l un amigo y consejero que siempre est\u00e1 dispuesto a escuchar, ayudar y a buscar soluciones. Ha sido un coequipero admirable, que nos alegra los d\u00edas con su buen humor y calidad humana\u201d dice Magdalena Restrepo, directora de Fraternidad Medell\u00edn.&nbsp;<\/p>\n\n\n\n<p>Quienes conocen de cerca su trabajo saben de memoria sus enormes cualidades: su capacidad de escucha, su generosidad con el conocimiento, su actitud positiva permanente, su compromiso inquebrantable con el bienestar de las comunidades. C\u00f3mo Gloria Cristina Villa, Jefe de Planeaci\u00f3n y Proyectos de la Fundaci\u00f3n GreenLand quien hoy le dice \u201cWilson desde el primer momento que te conoc\u00ed sent\u00ed que tu prop\u00f3sito por el cambio de vida a trav\u00e9s de la educaci\u00f3n es un baluarte que hoy tienes; siempre has sido una persona cercana, c\u00e1lida, y amorosa con cada detalle. Gracias por tus aprendizajes y momentos de conversaci\u00f3n para el futuro en el mejor momento de cada d\u00eda. Me llevo en el coraz\u00f3n un gran amigo que estar\u00e1 siempre con cada aprendizaje que me diste\u201d.<\/p>\n\n\n\n<p>El amoroso esposo de Natalia, el gran pap\u00e1 de Marcos y el buen amigo de todos nosotros, hoy termina su ciclo en la Fundaci\u00f3n Fraternidad Medell\u00edn. Un ciclo que marc\u00f3 la vida de miles de personas y que nos deja un recuerdo que llevaremos para siempre en el coraz\u00f3n. Para Wilson todo nuestro cari\u00f1o y gratitud y la certeza de que su vida, su alma y su sonrisa queda para siempre en el coraz\u00f3n de la Fraternidad.<\/p>","protected":false},"excerpt":{"rendered":"<p>Hay personas que vinieron al mundo a dejar huella. Wilson Rico es una de ellas.&nbsp;&nbsp; Ingres\u00f3 a la Fundaci\u00f3n Fraternidad Medell\u00edn como Coordinador de Educaci\u00f3n hace ya 11 a\u00f1os, y desde el d\u00eda uno toc\u00f3 el coraz\u00f3n de sus compa\u00f1eros, de colegas, maestros, estudiantes y de la comunidad en general.&nbsp;&nbsp; Durante todo este tiempo acompa\u00f1\u00f3 [&hellip;]<\/p>\n","protected":false},"featured_media":7636,"template":"","categoria":[18],"class_list":["post-7634","eventos","type-eventos","status-publish","has-post-thumbnail","hentry","categoria-noticia"],"publishpress_future_action":{"enabled":false,"date":"2026-05-07 11:30:29","action":"change-status","newStatus":"draft","terms":[],"taxonomy":"categoria","extraData":[]},"publishpress_future_workflow_manual_trigger":{"enabledWorkflows":[]},"_links":{"self":[{"href":"https:\/\/fraternidadmedellin.org\/en\/wp-json\/wp\/v2\/eventos\/7634","targetHints":{"allow":["GET"]}}],"collection":[{"href":"https:\/\/fraternidadmedellin.org\/en\/wp-json\/wp\/v2\/eventos"}],"about":[{"href":"https:\/\/fraternidadmedellin.org\/en\/wp-json\/wp\/v2\/types\/eventos"}],"version-history":[{"count":7,"href":"https:\/\/fraternidadmedellin.org\/en\/wp-json\/wp\/v2\/eventos\/7634\/revisions"}],"predecessor-version":[{"id":7649,"href":"https:\/\/fraternidadmedellin.org\/en\/wp-json\/wp\/v2\/eventos\/7634\/revisions\/7649"}],"wp:featuredmedia":[{"embeddable":true,"href":"https:\/\/fraternidadmedellin.org\/en\/wp-json\/wp\/v2\/media\/7636"}],"wp:attachment":[{"href":"https:\/\/fraternidadmedellin.org\/en\/wp-json\/wp\/v2\/media?parent=7634"}],"wp:term":[{"taxonomy":"categoria","embeddable":true,"href":"https:\/\/fraternidadmedellin.org\/en\/wp-json\/wp\/v2\/categoria?post=7634"}],"curies":[{"name":"wp","href":"https:\/\/api.w.org\/{rel}","templated":true}]}}

<p>Hay personas que vinieron al mundo a dejar huella. Wilson Rico es una de ellas.&nbsp;&nbsp;</p>



<p>Ingresó a la Fundación Fraternidad Medellín como Coordinador de Educación hace ya 11 años, y desde el día uno tocó el corazón de sus compañeros, de colegas, maestros, estudiantes y de la comunidad en general.&nbsp;&nbsp;</p>



<p>Durante todo este tiempo acompañó con infinito amor y generosidad proyectos invaluables. Se preocupó porque cada espacio construido o reformado contara con todos los elementos que estudiantes y docentes se merecen. Recorrió pueblos y veredas llevando la bandera de la Fraternidad con orgullo. Y escuchó como el mejor de los maestros a niños, jóvenes y adultos para devolverles siempre palabras llenas de esperanza, de respeto y de optimismo.&nbsp;</p>



<p>“Wilson llegó a la Fraternidad con toda su experiencia a trazarnos el camino que daríamos por los próximos años, pensado en cómo mejorar la calidad de la educación que reciben los niños de los colegios que acompañamos. Fueron varios meses de investigaciones y búsquedas; no solo de modelos educativos y métodos, sino de aliados experimentados. Cada uno lo revisó y lo escogió con todo el conocimiento que tiene en temas de educación; y no nos equivocamos. Nos ayudó a entender el camino y la ruta que debíamos seguir.&nbsp; Hoy casi 11 años después vemos que sus elecciones han sido las correctas, tanto en alcances como en aliados.&nbsp; Ha hecho un trabajo juicioso, riguroso y amoroso de seguimiento y acompañamiento a todas las decisiones que hemos tomado. Y no solo eso, ha sido un consejero y aliado de rectores y maestros con los que hemos trabajado por todos estos años. Todos lo respetan y admiran y ven a él un amigo y consejero que siempre está dispuesto a escuchar, ayudar y a buscar soluciones. Ha sido un coequipero admirable, que nos alegra los días con su buen humor y calidad humana” dice Magdalena Restrepo, directora de Fraternidad Medellín.&nbsp;</p>



<p>Quienes conocen de cerca su trabajo saben de memoria sus enormes cualidades: su capacidad de escucha, su generosidad con el conocimiento, su actitud positiva permanente, su compromiso inquebrantable con el bienestar de las comunidades. Cómo Gloria Cristina Villa, Jefe de Planeación y Proyectos de la Fundación GreenLand quien hoy le dice “Wilson desde el primer momento que te conocí sentí que tu propósito por el cambio de vida a través de la educación es un baluarte que hoy tienes; siempre has sido una persona cercana, cálida, y amorosa con cada detalle. Gracias por tus aprendizajes y momentos de conversación para el futuro en el mejor momento de cada día. Me llevo en el corazón un gran amigo que estará siempre con cada aprendizaje que me diste”.</p>



<p>El amoroso esposo de Natalia, el gran papá de Marcos y el buen amigo de todos nosotros, hoy termina su ciclo en la Fundación Fraternidad Medellín. Un ciclo que marcó la vida de miles de personas y que nos deja un recuerdo que llevaremos para siempre en el corazón. Para Wilson todo nuestro cariño y gratitud y la certeza de que su vida, su alma y su sonrisa queda para siempre en el corazón de la Fraternidad.</p>

<p>Hay personas que vinieron al mundo a dejar huella. Wilson Rico es una de ellas.&nbsp;&nbsp; Ingresó a la Fundación Fraternidad Medellín como Coordinador de Educación hace ya 11 años, y desde el día uno tocó el corazón de sus compañeros, de colegas, maestros, estudiantes y de la comunidad en general.&nbsp;&nbsp; Durante todo este tiempo acompañó [&hellip;]</p>
