{"id":7972,"date":"2025-03-03T10:13:07","date_gmt":"2025-03-03T15:13:07","guid":{"rendered":"https:\/\/fraternidadmedellin.org\/?post_type=eventos&#038;p=7972"},"modified":"2025-03-25T11:45:56","modified_gmt":"2025-03-25T16:45:56","slug":"nuevas-alianzas-para-hacer-suenos-realidad-a-traves-del-arte","status":"publish","type":"eventos","link":"https:\/\/fraternidadmedellin.org\/en\/eventos\/nuevas-alianzas-para-hacer-suenos-realidad-a-traves-del-arte\/","title":{"rendered":"Nuevas alianzas para hacer sue\u00f1os realidad a trav\u00e9s del arte.\u00a0"},"content":{"rendered":"<p>Desde el a\u00f1o 2016, la Fundaci\u00f3n El Arte de los Sue\u00f1os forma adolescentes\u202fen situaci\u00f3n de vulnerabilidad en el ser, en el saber, y en el hacer, a trav\u00e9s del\u202farte, enfocado en el g\u00e9nero urbano en expresiones como\u202fcanto, baile y percusi\u00f3n, favoreciendo su desarrollo moral, emocional, f\u00edsico, cultural y social en diversos espacios que les permiten construir puentes entre el arte y los sue\u00f1os.&nbsp;<\/p>\n\n\n\n<p>Este a\u00f1o en una gran alianza, Fraternidad Medell\u00edn y El Arte de los Sue\u00f1os llegar\u00e1n a la sede de la IER Santa Mar\u00eda en el Carmen de Viboral para llevar un modelo de trabajo a\u202fj\u00f3venes entre los 11 y los 18 a\u00f1os brindando, no s\u00f3lo talleres de arte, sino tambi\u00e9n acompa\u00f1amiento psicosocial.&nbsp;<\/p>\n\n\n\n<p>Es as\u00ed como a partir de este momento, estaremos acompa\u00f1ando a 40 j\u00f3venes en un proceso de formaci\u00f3n art\u00edstica que busca, no s\u00f3lo hacer sus sue\u00f1os realidad desde el arte, sino tambi\u00e9n transformando sus vidas y creando esperanzas en sus familias y en ellos mismos gracias al poder de la Fraternidad.&nbsp;&nbsp;<\/p>\n\n\n\n<p>\u202f&nbsp;<\/p>","protected":false},"excerpt":{"rendered":"<p>Desde el a\u00f1o 2016, la Fundaci\u00f3n El Arte de los Sue\u00f1os forma adolescentes\u202fen situaci\u00f3n de vulnerabilidad en el ser, en el saber, y en el hacer, a trav\u00e9s del\u202farte, enfocado en el g\u00e9nero urbano en expresiones como\u202fcanto, baile y percusi\u00f3n, favoreciendo su desarrollo moral, emocional, f\u00edsico, cultural y social en diversos espacios que les permiten [&hellip;]<\/p>\n","protected":false},"featured_media":7977,"template":"","categoria":[18],"class_list":["post-7972","eventos","type-eventos","status-publish","has-post-thumbnail","hentry","categoria-noticia"],"publishpress_future_action":{"enabled":false,"date":"2026-05-08 17:31:53","action":"change-status","newStatus":"draft","terms":[],"taxonomy":"categoria","extraData":[]},"publishpress_future_workflow_manual_trigger":{"enabledWorkflows":[]},"_links":{"self":[{"href":"https:\/\/fraternidadmedellin.org\/en\/wp-json\/wp\/v2\/eventos\/7972","targetHints":{"allow":["GET"]}}],"collection":[{"href":"https:\/\/fraternidadmedellin.org\/en\/wp-json\/wp\/v2\/eventos"}],"about":[{"href":"https:\/\/fraternidadmedellin.org\/en\/wp-json\/wp\/v2\/types\/eventos"}],"version-history":[{"count":2,"href":"https:\/\/fraternidadmedellin.org\/en\/wp-json\/wp\/v2\/eventos\/7972\/revisions"}],"predecessor-version":[{"id":7979,"href":"https:\/\/fraternidadmedellin.org\/en\/wp-json\/wp\/v2\/eventos\/7972\/revisions\/7979"}],"wp:featuredmedia":[{"embeddable":true,"href":"https:\/\/fraternidadmedellin.org\/en\/wp-json\/wp\/v2\/media\/7977"}],"wp:attachment":[{"href":"https:\/\/fraternidadmedellin.org\/en\/wp-json\/wp\/v2\/media?parent=7972"}],"wp:term":[{"taxonomy":"categoria","embeddable":true,"href":"https:\/\/fraternidadmedellin.org\/en\/wp-json\/wp\/v2\/categoria?post=7972"}],"curies":[{"name":"wp","href":"https:\/\/api.w.org\/{rel}","templated":true}]}}

Nuevas alianzas para hacer sueños realidad a través del arte.

<p>Desde el año 2016, la Fundación El Arte de los Sueños forma adolescentes en situación de vulnerabilidad en el ser, en el saber, y en el hacer, a través del arte, enfocado en el género urbano en expresiones como canto, baile y percusión, favoreciendo su desarrollo moral, emocional, físico, cultural y social en diversos espacios que les permiten construir puentes entre el arte y los sueños.&nbsp;</p>



<p>Este año en una gran alianza, Fraternidad Medellín y El Arte de los Sueños llegarán a la sede de la IER Santa María en el Carmen de Viboral para llevar un modelo de trabajo a jóvenes entre los 11 y los 18 años brindando, no sólo talleres de arte, sino también acompañamiento psicosocial.&nbsp;</p>



<p>Es así como a partir de este momento, estaremos acompañando a 40 jóvenes en un proceso de formación artística que busca, no sólo hacer sus sueños realidad desde el arte, sino también transformando sus vidas y creando esperanzas en sus familias y en ellos mismos gracias al poder de la Fraternidad.&nbsp;&nbsp;</p>



<p> &nbsp;</p>

<p>Desde el año 2016, la Fundación El Arte de los Sueños forma adolescentes en situación de vulnerabilidad en el ser, en el saber, y en el hacer, a través del arte, enfocado en el género urbano en expresiones como canto, baile y percusión, favoreciendo su desarrollo moral, emocional, físico, cultural y social en diversos espacios que les permiten [&hellip;]</p>
