{"id":8503,"date":"2025-08-20T14:58:56","date_gmt":"2025-08-20T19:58:56","guid":{"rendered":"https:\/\/fraternidadmedellin.org\/?post_type=eventos&#038;p=8503"},"modified":"2025-08-29T11:20:40","modified_gmt":"2025-08-29T16:20:40","slug":"programa-rectores-lideres-transformadores-forjando-liderazgo-para-transformar-comunidades-educativas","status":"publish","type":"eventos","link":"https:\/\/fraternidadmedellin.org\/en\/eventos\/programa-rectores-lideres-transformadores-forjando-liderazgo-para-transformar-comunidades-educativas\/","title":{"rendered":"Program \u201cTransformative Principals\u201d: Forging Leadership to Transform Educational Communities\u00a0"},"content":{"rendered":"<p>Since its creation in 2010, the Transformative Leaders Program (RLT) of the Entrepreneurs for Education Foundation (ExE) has established itself as a key training strategy for promoting leadership in official educational institutions in Antioquia. Initially developed with the support of the New York City Principals' School, RLT seeks to train conscious leaders capable of generating profound transformations in their school environment through warm, consistent, courageous, and strategic leadership.<\/p>\n\n\n\n<p class=\"translation-block\">The program, which begins with a 10-month training phase, focuses on the comprehensive development of principals and other school leaders, fostering both personal and professional leadership. It is modeled on participatory management with real impact on the educational community through experiential learning in reflective, collaborative, and situated spaces. The training includes in-person modules, educational coaching, self-training, and pedagogical mentoring. In a subsequent stage, the program can provide follow-up support for up to two years, ensuring sustainability in transformation processes.<\/p>\n\n\n\n<p><strong>Proven Impact<\/strong>&nbsp;<\/p>\n\n\n\n<p>An evaluation of the program between 2015 and 2017, conducted by Universidad de los Andes, highlighted significant progress in:&nbsp;<\/p>\n\n\n\n<ul class=\"wp-block-list\">\n<li>Learning outcomes in mathematics and language.&nbsp;<\/li>\n<\/ul>\n\n\n\n<ul class=\"wp-block-list\">\n<li>Improvement in pedagogical management: planning, assessment, and curriculum.&nbsp;<\/li>\n<\/ul>\n\n\n\n<ul class=\"wp-block-list\">\n<li>School climate: collaborative work, community participation, and better financial management.&nbsp;<\/li>\n<\/ul>\n\n\n\n<p>Recent editions also report substantial improvements in Saber 11 test results (for example, an increase of up to 1.5 points in mathematics), school management, and the strengthening of networks between schools and social actors.&nbsp;<\/p>\n\n\n\n<p class=\"translation-block\">At Fraternidad Medell\u00edn, we actively support this initiative by engaging, accompanying, and promoting the participation of 3 principals and 9 coordinators from educational institutions in Rionegro, where the Foundation is present. Their participation not only reinforces leadership capacity within their schools but also enables the replication of transformation models and best pedagogical practices in our areas of intervention.<\/p>\n\n\n\n<p class=\"translation-block\">The Transformative Principals Program stands as a strategic initiative for training and support to strengthen educational management in Antioquia. Thanks to the commitment of allies such as the Medell\u00edn Mayor\u2019s Office, Cosmo School, Vibra en Alta, Comfama, ExE, Fundaci\u00f3n Sura, the Rionegro Mayor\u2019s Office, and Fundaci\u00f3n Fraternidad Medell\u00edn, renewed, conscious, and transformative leadership is being built.<\/p>","protected":false},"excerpt":{"rendered":"<p>Desde su creaci\u00f3n en 2010, el Programa Rectores L\u00edderes Transformadores (RLT) de la Fundaci\u00f3n Empresarios por la Educaci\u00f3n (ExE) se ha consolidado como una estrategia formativa clave para potenciar el liderazgo en las instituciones educativas oficiales de Antioquia. Desarrollado inicialmente con el acompa\u00f1amiento de la Escuela de Rectores de la ciudad de Nueva York, RLT [&hellip;]<\/p>\n","protected":false},"featured_media":8504,"template":"","categoria":[18],"class_list":["post-8503","eventos","type-eventos","status-publish","has-post-thumbnail","hentry","categoria-noticia"],"publishpress_future_action":{"enabled":false,"date":"2026-05-08 23:55:32","action":"change-status","newStatus":"draft","terms":[],"taxonomy":"categoria","extraData":[]},"publishpress_future_workflow_manual_trigger":{"enabledWorkflows":[]},"_links":{"self":[{"href":"https:\/\/fraternidadmedellin.org\/en\/wp-json\/wp\/v2\/eventos\/8503","targetHints":{"allow":["GET"]}}],"collection":[{"href":"https:\/\/fraternidadmedellin.org\/en\/wp-json\/wp\/v2\/eventos"}],"about":[{"href":"https:\/\/fraternidadmedellin.org\/en\/wp-json\/wp\/v2\/types\/eventos"}],"version-history":[{"count":2,"href":"https:\/\/fraternidadmedellin.org\/en\/wp-json\/wp\/v2\/eventos\/8503\/revisions"}],"predecessor-version":[{"id":8556,"href":"https:\/\/fraternidadmedellin.org\/en\/wp-json\/wp\/v2\/eventos\/8503\/revisions\/8556"}],"wp:featuredmedia":[{"embeddable":true,"href":"https:\/\/fraternidadmedellin.org\/en\/wp-json\/wp\/v2\/media\/8504"}],"wp:attachment":[{"href":"https:\/\/fraternidadmedellin.org\/en\/wp-json\/wp\/v2\/media?parent=8503"}],"wp:term":[{"taxonomy":"categoria","embeddable":true,"href":"https:\/\/fraternidadmedellin.org\/en\/wp-json\/wp\/v2\/categoria?post=8503"}],"curies":[{"name":"wp","href":"https:\/\/api.w.org\/{rel}","templated":true}]}}

<p>Since its creation in 2010, the Transformative Leaders Program (RLT) of the Entrepreneurs for Education Foundation (ExE) has established itself as a key training strategy for promoting leadership in official educational institutions in Antioquia. Initially developed with the support of the New York City Principals' School, RLT seeks to train conscious leaders capable of generating profound transformations in their school environment through warm, consistent, courageous, and strategic leadership.</p>



<p class="translation-block">The program, which begins with a 10-month training phase, focuses on the comprehensive development of principals and other school leaders, fostering both personal and professional leadership. It is modeled on participatory management with real impact on the educational community through experiential learning in reflective, collaborative, and situated spaces. The training includes in-person modules, educational coaching, self-training, and pedagogical mentoring. In a subsequent stage, the program can provide follow-up support for up to two years, ensuring sustainability in transformation processes.</p>



<p><strong>Proven Impact</strong>&nbsp;</p>



<p>An evaluation of the program between 2015 and 2017, conducted by Universidad de los Andes, highlighted significant progress in:&nbsp;</p>



<ul class="wp-block-list">
<li>Learning outcomes in mathematics and language.&nbsp;</li>
</ul>



<ul class="wp-block-list">
<li>Improvement in pedagogical management: planning, assessment, and curriculum.&nbsp;</li>
</ul>



<ul class="wp-block-list">
<li>School climate: collaborative work, community participation, and better financial management.&nbsp;</li>
</ul>



<p>Recent editions also report substantial improvements in Saber 11 test results (for example, an increase of up to 1.5 points in mathematics), school management, and the strengthening of networks between schools and social actors.&nbsp;</p>



<p class="translation-block">At Fraternidad Medellín, we actively support this initiative by engaging, accompanying, and promoting the participation of 3 principals and 9 coordinators from educational institutions in Rionegro, where the Foundation is present. Their participation not only reinforces leadership capacity within their schools but also enables the replication of transformation models and best pedagogical practices in our areas of intervention.</p>



<p class="translation-block">The Transformative Principals Program stands as a strategic initiative for training and support to strengthen educational management in Antioquia. Thanks to the commitment of allies such as the Medellín Mayor’s Office, Cosmo School, Vibra en Alta, Comfama, ExE, Fundación Sura, the Rionegro Mayor’s Office, and Fundación Fraternidad Medellín, renewed, conscious, and transformative leadership is being built.</p>

<p>Desde su creación en 2010, el Programa Rectores Líderes Transformadores (RLT) de la Fundación Empresarios por la Educación (ExE) se ha consolidado como una estrategia formativa clave para potenciar el liderazgo en las instituciones educativas oficiales de Antioquia. Desarrollado inicialmente con el acompañamiento de la Escuela de Rectores de la ciudad de Nueva York, RLT [&hellip;]</p>
