{"id":8583,"date":"2025-10-16T10:19:38","date_gmt":"2025-10-16T15:19:38","guid":{"rendered":"https:\/\/fraternidadmedellin.org\/?post_type=eventos&#038;p=8583"},"modified":"2025-10-16T10:20:25","modified_gmt":"2025-10-16T15:20:25","slug":"formar-lideres-que-transforman-un-compromiso-mas-de-fraternidad-medellin","status":"publish","type":"eventos","link":"https:\/\/fraternidadmedellin.org\/en\/eventos\/formar-lideres-que-transforman-un-compromiso-mas-de-fraternidad-medellin\/","title":{"rendered":"Forming Leaders Who Transform: Another Commitment from Fraternidad Medell\u00edn\u00a0"},"content":{"rendered":"<p>The transformation of territories doesn\u2019t happen by accident. It\u2019s built through vocation, education, guidance, and the belief that change is possible. At Fundaci\u00f3n Fraternidad Medell\u00edn, we are convinced that one of the most powerful ways to plant the seeds of the future is by supporting the development of committed leaders. That\u2019s why we actively back programs like Liderario and Emergentes, which not only teach but also inspire, mobilize, and are destined to make an impact in Antioquia.&nbsp;<\/p>\n\n\n\n<p><strong>Liderario: Leadership with Public Purpose, Plurality, and Collective Action<\/strong>&nbsp;<\/p>\n\n\n\n<p>Liderario is a platform for connection and training that brings together leaders from the private, public, social, cultural, and academic sectors, with the goal of addressing the public challenges of the region and the country.&nbsp;&nbsp;<\/p>\n\n\n\n<p>Over the course of eight months, participants go through a transformative process of reflection on their leadership, strengthen their capacity for influence, expand collaborative networks, and take part in territorial labs that connect theory with action.&nbsp;&nbsp;<\/p>\n\n\n\n<p>Liderario seeks people with a vocation for service, critical thinking, creativity, and a commitment to the common good\u2014individuals capable of turning ideas into actions that positively impact entire communities.&nbsp;<\/p>\n\n\n\n<p><strong>Emergentes: The Young Leadership School Our Times Need<\/strong>&nbsp;<\/p>\n\n\n\n<p>While Liderario mobilizes leaders with more extensive experience, Emergentes is designed for those who dream of making an impact from their first initiatives and movements. Emergentes is a Young Leadership School aimed at youth between 18 and 28 years old who already have at least one year of experience in social, community, cultural, student, or political leadership.&nbsp;&nbsp;<\/p>\n\n\n\n<p>Over eight months, participants dive into an experience that goes beyond traditional training: they connect learning with their territories, receive mentorship, build collaborative networks, and design initiatives with real impact.&nbsp;&nbsp;<\/p>\n\n\n\n<p>The call for applications to Emergentes is now open.\nWe invite young people with ideas, social commitment, and a territorial vision to join. If you believe your community, subregion, or population needs new, creative, and committed voices\u2014this is your moment to apply.&nbsp;<\/p>\n\n\n\n<p>Our Role: To Support, Inspire, and Sustain&nbsp;<\/p>\n\n\n\n<p>At Fraternidad Medell\u00edn, we don\u2019t see these programs as distant initiatives, but as strategic tools for real transformation. We aim to:&nbsp;<\/p>\n\n\n\n<ul class=\"wp-block-list\">\n<li>Promote the participation of our partners, beneficiaries, and networks in these training spaces.&nbsp;<\/li>\n<\/ul>\n\n\n\n<ul class=\"wp-block-list\">\n<li>Provide mentorship, local meetings, or logistical support to those selected.&nbsp;<\/li>\n<\/ul>\n\n\n\n<ul class=\"wp-block-list\">\n<li>Connect the outcomes of these processes with ongoing initiatives in our areas of action\u2014ensuring that learnings don\u2019t remain theoretical but take shape in concrete projects.&nbsp;<\/li>\n<\/ul>\n\n\n\n<p><\/p>\n\n\n\n<p class=\"translation-block\">Today, we extend an open invitation to our entire community:\nIf you know young people with emerging leadership potential\u2014or if you yourself feel that calling\u2014don\u2019t miss the opportunity to apply for Emergentes at https:\/\/proantioquia.org.co\/emergentes.\nLet\u2019s make this opportunity resonate across our networks, let\u2019s talk about it in our meetings, and let\u2019s ensure this call reaches the places where new voices are ready to be heard.<\/p>\n\n\n\n<p>Because leadership isn\u2019t inherited\u2014it\u2019s built.\nAnd when it\u2019s well guided, it can truly transform territories.&nbsp;<\/p>","protected":false},"excerpt":{"rendered":"<p>La transformaci\u00f3n de los territorios no llega por accidente. Se construye con vocaci\u00f3n, formaci\u00f3n, acompa\u00f1amiento y la voluntad de creer que el cambio es posible. En la Fundaci\u00f3n Fraternidad Medell\u00edn tenemos claro que una de las formas m\u00e1s poderosas de sembrar futuro es acompa\u00f1ando la formaci\u00f3n de l\u00edderes comprometidos. Es por ello que apoyamos activamente [&hellip;]<\/p>\n","protected":false},"featured_media":8584,"template":"","categoria":[18],"class_list":["post-8583","eventos","type-eventos","status-publish","has-post-thumbnail","hentry","categoria-noticia"],"publishpress_future_action":{"enabled":false,"date":"2026-05-06 05:38:43","action":"change-status","newStatus":"draft","terms":[],"taxonomy":"categoria","extraData":[]},"publishpress_future_workflow_manual_trigger":{"enabledWorkflows":[]},"_links":{"self":[{"href":"https:\/\/fraternidadmedellin.org\/en\/wp-json\/wp\/v2\/eventos\/8583","targetHints":{"allow":["GET"]}}],"collection":[{"href":"https:\/\/fraternidadmedellin.org\/en\/wp-json\/wp\/v2\/eventos"}],"about":[{"href":"https:\/\/fraternidadmedellin.org\/en\/wp-json\/wp\/v2\/types\/eventos"}],"version-history":[{"count":2,"href":"https:\/\/fraternidadmedellin.org\/en\/wp-json\/wp\/v2\/eventos\/8583\/revisions"}],"predecessor-version":[{"id":8586,"href":"https:\/\/fraternidadmedellin.org\/en\/wp-json\/wp\/v2\/eventos\/8583\/revisions\/8586"}],"wp:featuredmedia":[{"embeddable":true,"href":"https:\/\/fraternidadmedellin.org\/en\/wp-json\/wp\/v2\/media\/8584"}],"wp:attachment":[{"href":"https:\/\/fraternidadmedellin.org\/en\/wp-json\/wp\/v2\/media?parent=8583"}],"wp:term":[{"taxonomy":"categoria","embeddable":true,"href":"https:\/\/fraternidadmedellin.org\/en\/wp-json\/wp\/v2\/categoria?post=8583"}],"curies":[{"name":"wp","href":"https:\/\/api.w.org\/{rel}","templated":true}]}}

Forming Leaders Who Transform: Another Commitment from Fraternidad Medellín

<p>The transformation of territories doesn’t happen by accident. It’s built through vocation, education, guidance, and the belief that change is possible. At Fundación Fraternidad Medellín, we are convinced that one of the most powerful ways to plant the seeds of the future is by supporting the development of committed leaders. That’s why we actively back programs like Liderario and Emergentes, which not only teach but also inspire, mobilize, and are destined to make an impact in Antioquia.&nbsp;</p>



<p><strong>Liderario: Leadership with Public Purpose, Plurality, and Collective Action</strong>&nbsp;</p>



<p>Liderario is a platform for connection and training that brings together leaders from the private, public, social, cultural, and academic sectors, with the goal of addressing the public challenges of the region and the country.&nbsp;&nbsp;</p>



<p>Over the course of eight months, participants go through a transformative process of reflection on their leadership, strengthen their capacity for influence, expand collaborative networks, and take part in territorial labs that connect theory with action.&nbsp;&nbsp;</p>



<p>Liderario seeks people with a vocation for service, critical thinking, creativity, and a commitment to the common good—individuals capable of turning ideas into actions that positively impact entire communities.&nbsp;</p>



<p><strong>Emergentes: The Young Leadership School Our Times Need</strong>&nbsp;</p>



<p>While Liderario mobilizes leaders with more extensive experience, Emergentes is designed for those who dream of making an impact from their first initiatives and movements. Emergentes is a Young Leadership School aimed at youth between 18 and 28 years old who already have at least one year of experience in social, community, cultural, student, or political leadership.&nbsp;&nbsp;</p>



<p>Over eight months, participants dive into an experience that goes beyond traditional training: they connect learning with their territories, receive mentorship, build collaborative networks, and design initiatives with real impact.&nbsp;&nbsp;</p>



<p>The call for applications to Emergentes is now open.
We invite young people with ideas, social commitment, and a territorial vision to join. If you believe your community, subregion, or population needs new, creative, and committed voices—this is your moment to apply.&nbsp;</p>



<p>Our Role: To Support, Inspire, and Sustain&nbsp;</p>



<p>At Fraternidad Medellín, we don’t see these programs as distant initiatives, but as strategic tools for real transformation. We aim to:&nbsp;</p>



<ul class="wp-block-list">
<li>Promote the participation of our partners, beneficiaries, and networks in these training spaces.&nbsp;</li>
</ul>



<ul class="wp-block-list">
<li>Provide mentorship, local meetings, or logistical support to those selected.&nbsp;</li>
</ul>



<ul class="wp-block-list">
<li>Connect the outcomes of these processes with ongoing initiatives in our areas of action—ensuring that learnings don’t remain theoretical but take shape in concrete projects.&nbsp;</li>
</ul>



<p></p>



<p class="translation-block">Today, we extend an open invitation to our entire community:
If you know young people with emerging leadership potential—or if you yourself feel that calling—don’t miss the opportunity to apply for Emergentes at https://proantioquia.org.co/emergentes.
Let’s make this opportunity resonate across our networks, let’s talk about it in our meetings, and let’s ensure this call reaches the places where new voices are ready to be heard.</p>



<p>Because leadership isn’t inherited—it’s built.
And when it’s well guided, it can truly transform territories.&nbsp;</p>

<p>La transformación de los territorios no llega por accidente. Se construye con vocación, formación, acompañamiento y la voluntad de creer que el cambio es posible. En la Fundación Fraternidad Medellín tenemos claro que una de las formas más poderosas de sembrar futuro es acompañando la formación de líderes comprometidos. Es por ello que apoyamos activamente [&hellip;]</p>
