{"id":3911,"date":"2023-08-04T13:53:52","date_gmt":"2023-08-04T18:53:52","guid":{"rendered":"https:\/\/fraternidadmedellin.org\/?post_type=parques-educ&#038;p=3911"},"modified":"2023-08-31T09:44:38","modified_gmt":"2023-08-31T14:44:38","slug":"parque-educativo-sabores-ancestrales","status":"publish","type":"parques-educ","link":"https:\/\/fraternidadmedellin.org\/en\/parques-educ\/parque-educativo-sabores-ancestrales\/","title":{"rendered":"Educational Park \u201cSaberes Ancestrales\u201d"},"content":{"rendered":"<p>Construction of the Educational Park in Vig\u00eda del Fuerte, which includes spaces for teachers, a digital classroom, an entrepreneurship classroom, a library, administrative offices, public restrooms, and technical areas.<\/p>\n\n\n\n<p><strong>Total Cost:<\/strong> $3.450<\/p>","protected":false},"excerpt":{"rendered":"<p>Construcci\u00f3n del Parque Educativo de Vig\u00eda del Fuerte; consta de espacios para maestros, aula digital, aula de emprendimiento, biblioteca, administraci\u00f3n, ba\u00f1os p\u00fablicos y \u00e1reas t\u00e9cnicas. Costo total: $3.450<\/p>","protected":false},"featured_media":4677,"template":"","ubicaciontax":[13],"class_list":["post-3911","parques-educ","type-parques-educ","status-publish","has-post-thumbnail","hentry","ubicaciontax-uraba"],"publishpress_future_workflow_manual_trigger":{"enabledWorkflows":[]},"_links":{"self":[{"href":"https:\/\/fraternidadmedellin.org\/en\/wp-json\/wp\/v2\/parques-educ\/3911","targetHints":{"allow":["GET"]}}],"collection":[{"href":"https:\/\/fraternidadmedellin.org\/en\/wp-json\/wp\/v2\/parques-educ"}],"about":[{"href":"https:\/\/fraternidadmedellin.org\/en\/wp-json\/wp\/v2\/types\/parques-educ"}],"wp:featuredmedia":[{"embeddable":true,"href":"https:\/\/fraternidadmedellin.org\/en\/wp-json\/wp\/v2\/media\/4677"}],"wp:attachment":[{"href":"https:\/\/fraternidadmedellin.org\/en\/wp-json\/wp\/v2\/media?parent=3911"}],"wp:term":[{"taxonomy":"ubicaciontax","embeddable":true,"href":"https:\/\/fraternidadmedellin.org\/en\/wp-json\/wp\/v2\/ubicaciontax?post=3911"}],"curies":[{"name":"wp","href":"https:\/\/api.w.org\/{rel}","templated":true}]}}

<p>Construction of the Educational Park in Vigía del Fuerte, which includes spaces for teachers, a digital classroom, an entrepreneurship classroom, a library, administrative offices, public restrooms, and technical areas.</p>



<p><strong>Total Cost:</strong> $3.450</p>

<p>Construcción del Parque Educativo de Vigía del Fuerte; consta de espacios para maestros, aula digital, aula de emprendimiento, biblioteca, administración, baños públicos y áreas técnicas. Costo total: $3.450</p>
